 -b. Determine a(y).
-10
Let t = -1657 - -1652. Let y(o) = -2*o - 4 + o + 0*o. Calculate y(t).
1
Let j(u) be the second derivative of u**4/2 + 7*u + 6. Give j(-1).
6
Let j = -13 - -18. Let y = 14 + -10. Let l(g) = -y + 0 + 4*g - 4*g**2 + g**2 + 2*g**2. What is l(j)?
-9
Let d = -5 + 6. Suppose -3*v - 5*s = -s + 4, -d = 5*v + s. Let w(f) = -4 + 0 + 1 - f**2 + v. Determine w(0).
-3
Let d be (-2 - 2/(-1))/(-2 + 0). Let k(x) = 1 - 4 - 3*x + 0*x + d*x. Suppose -4 = 3*i - i. Calculate k(i).
3
Let v(d) = d**2 + 9*d - 6. Let n be v(-10). Suppose -5*o - 3*p + 4*p = 15, n*o = 5*p - 33. Let c(g) = -8*g - 3. What is c(o)?
13
Suppose -7*q + 2*q - 15 = -5*i, 6*i - 3*q - 12 = 0. Suppose -3 - 6 = -3*s. Let y(g) = 0 + 0 + g - 2*g**2 - 3*g**s. Calculate y(i).
-4
Let q(k) be the first derivative of -k**3/3 + 15*k**2/2 - 39*k - 279. Calculate q(4).
5
Let n(u) = -111*u**2 + 3*u + 114*u**2 - 246 + 243. What is n(-3)?
15
Let m(r) be the first derivative of -8*r**3/3 + r**2/2 - r - 166. Determine m(1).
-8
Let z(j) = -j - 1. Let n(h) be the first derivative of -3*h**2/2 + h - 14. Let k(o) = n(o) - 6*z(o). Calculate k(-6).
-11
Let x = -781 - -784. Let h(k) = -3*k + 7. Give h(x).
-2
Suppose 0 = -v - 3*d + 2*d - 4, 0 = -d - 4. Suppose -o - 2 = -v. Let c be (o + 7)*(-2 + 3). Let p(u) = -u**3 + 6*u**2 - 4*u - 1. Determine p(c).
4
Let d(o) be the third derivative of 0*o**3 + 0 - 1/24*o**4 - 2*o**2 + 0*o. Let z(l) = -l**2 + 7*l - 2. Let j be z(6). What is d(j)?
-4
Let o be 1*-3 - (7 + -5 - 7). Let i(z) be the first derivative of -4*z - 1/2*z**o + 7 + 1/3*z**3. What is i(0)?
-4
Let v be (-6)/(-10) + (-6)/(-15). Let c(z) = 3*z**2 + 4*z + 9. Let b(w) = 1 + 6*w - 4*w + w**2 - 2*w. Let l(o) = v*c(o) - 4*b(o). Give l(4).
5
Let y(w) = -w - 2. Let v(j) = -16. Let a(p) = v(p) - 5*y(p). Calculate a(6).
24
Let t(p) = -9*p**2 + 8*p + 1. Let j be t(1). Let x(c) be the first derivative of c**2/2 + 6*c + 1. What is x(j)?
6
Suppose 22*x = 17*x + 10. Let l(u) = -8*u + u**2 + 22*u - 12*u + u**2 - x. Calculate l(-2).
2
Suppose 5*k - 33 = -6*k. Let p(m) = 9*m**3 + 3*m - 5*m**3 - 2*m**2 - 2 - 3*m**3 - m. Determine p(k).
13
Let c(t) = -t**3 + 6*t**2 - 5*t - 9. Let k be c(4). Let y(h) = h**2 - 2*h - 3. Give y(k).
0
Let u(a) = a**2 + 4*a + 7. Let d(s) = -s**3 + 25*s**2 + 53*s + 21. Let q be d(27). Give u(q).
19
Let n be 1/(2/3)*116/87. Let t(c) = 8*c - 3. Give t(n).
13
Let c(g) = g + 10. Suppose -k - 2 = 2. Let w be c(k). Let z(q) = -8 - q - 5*q**2 + q**3 - q - q. Calculate z(w).
10
Let k(g) be the first derivative of -g**2 + 17*g + 83. What is k(13)?
-9
Let z(h) = h - 4. Let v be (-1)/((-1)/(-36)) + -2. Let y = -33 - v. What is z(y)?
1
Let z(t) = 0*t + 14 - 33 - t**2 + 12 - 3*t + 10. Give z(2).
-7
Let j(d) = -5*d**3 - 9*d**2 - 10. Let z(o) = -o**3 - o**2 - 1. Let v(a) = -j(a) + 6*z(a). What is v(3)?
4
Let z(k) = -6*k + k + 3 + 3*k**2 - 3*k**2 - k**2. Let w be ((-80)/(-50))/(2 + 12/(-5)). Calculate z(w).
7
Let r(o) = -4*o**3 + 3*o**3 - 2*o + 395 - 400 + 5*o**2. Give r(4).
3
Let k(m) = -7*m**2 - 17*m - 16. Let n(q) = q**2 - q. Let v(d) = -k(d) - 6*n(d). Determine v(-21).
-26
Let h(m) be the first derivative of -m**4/12 - m**3/3 + 11*m**2/2 - 10. Let f(a) be the second derivative of h(a). Give f(-6).
10
Suppose 18*s = 20*s - 8. Suppose -3*d = s + 8. Let a(m) = 0*m - 2*m + m - 4. Give a(d).
0
Let v = 30 - 81. Let b = v + 52. Let t(q) be the first derivative of 3*q**4/4 + q - 2. What is t(b)?
4
Suppose 261*b + 12 = 264*b. Let m(q) = 2*q + 4. Determine m(b).
12
Let z(y) = y**2 + 8*y - 4. Suppose 0 = 4*j - 4*a + 20, -4*j + j - 5*a - 47 = 0. Determine z(j).
5
Let g(a) be the third derivative of a**6/360 + 7*a**5/120 - 5*a**4/24 + 7*a**3/3 - 8*a**2. Let l(k) be the first derivative of g(k). Calculate l(-8).
3
Let v(w) = -w**3 + 16*w**2 - 15*w + 11. Let o be v(15). Suppose p + 0*p - o = 0. Let m = 11 - p. Let k(s) = -s**2 - 6. What is k(m)?
-6
Suppose t = -2*t - 4*k, 2*t + k + 5 = 0. Let x(v) = 3*v**2 - 3*v + 2. Let m(w) = 7*w**2 - 7*w + 4. Let l(c) = t*m(c) + 9*x(c). Calculate l(2).
0
Let l(i) = 2 + 0*i**2 - 4*i - i - i**2. Let p(d) = -3*d - 80. Let b(z) = -4*z - 49. Let f be b(-6). Let y be p(f). What is l(y)?
2
Suppose 0*h - 3*h + 18 = 0. Suppose h*k - 15 = k. Let g(n) = 5*n**2 + 2*n - 6. Let l(i) = -14*i**2 - 6*i + 17. Let d(s) = 11*g(s) + 4*l(s). Determine d(k).
-13
Let i be (-1150)/75*3/(-2). Let p(x) = 13*x**3 - 8*x**2 - i*x**3 + x + 2 + 9*x**3. Calculate p(-8).
-6
Let w be (-18)/24 - (-30)/8. Let c(y) = 5*y - 5*y + w*y - 2*y. Let i(n) = -2*n**3 - 11*n**2 + 9*n + 11. Let j be i(-6). Give c(j).
-7
Let j(v) = v**3 - 6*v**2 + 3*v + 6. Let x = 9 + -3. Let d be (x/(-8))/((-1)/(-4)). Let w = d + 8. What is j(w)?
-4
Let o = 6 - 4. Suppose 3*z = 4*f + 25, 3*f = 3*z + o*f - 13. Suppose 0 = -z*g + 2*n - 3, 2*n - 5 = 3*g - 2*g. Let d(b) = 2*b**3 - b**2 + b - 1. What is d(g)?
1
Let u(q) = -q - 7. Let k be u(7). Let x be 32/k - 6/(-21). Let s(b) = -5*b**2 + 5*b**2 + b**3 + 0*b + 3 + 3*b. Give s(x).
-11
Let z(n) = -n**2 + 6*n - 9. Let g = -22 + 6. Let b = 22 + g. Give z(b).
-9
Let u(i) = 3*i + i**2 - 6 - 10*i - 2*i**2 + 8*i - 7*i. Calculate u(-6).
-6
Suppose 0 = 2*w + 3*c - 4 + 5, c + 23 = 5*w. Let r(u) = -3 - 4 + 24 + u**2 - 14 - w*u. Determine r(3).
0
Let k(q) = 6*q + 1. Let a(s) be the second derivative of s**4/12 - 2*s**3/3 - s**2/2 + 2*s. Let b be a(4). Let c be (-3)/1 + 1 - b. Give k(c).
-5
Let f(w) = 3*w + 5. Let z(k) = k + 2. Let x(c) = 4*f(c) - 9*z(c). Determine x(7).
23
Let k = -18 - -21. Let j(q) = -1 - k*q - 4 + 6*q**2 - 3 + 6 - q**3. Give j(6).
-20
Let v(k) = k**2 - k + 2. Let t(d) = -2*d**3 - 3*d**2 + 6*d - 5. Let r(w) = t(w) + 3*v(w). What is r(-2)?
11
Suppose 3*t = 5*t - 22. Let k = 13 - t. Suppose 4*u + f + k = -3, -3*f + 5 = 2*u. Let w(s) = 3*s. Give w(u).
-6
Let j(v) = v**3 + 3*v**2 - 8*v - 1. Let a = -1297 - -1299. Give j(a).
3
Let c(j) be the second derivative of -j**4/4 - 5*j**3/6 + j**2/2 + 379*j. Determine c(-3).
-11
Let n(a) be the first derivative of -a**4/4 + a**3 - a**2/2 + 4*a - 78. What is n(4)?
-16
Let b be 7/(3/1 + 5 + -9). Let o(x) = -2*x + 8. What is o(b)?
22
Let m(l) be the first derivative of 7/12*l**4 - 4*l - 6 + 7/6*l**3 - 2*l**2 + 1/20*l**5. Let i(v) be the first derivative of m(v). Determine i(-6).
-10
Let i be ((-15)/(-12))/(1/4). Let t(h) be the third derivative of 1/12*h**5 - 1/120*h**6 + 2/3*h**3 + 0 - 14*h**2 + 1/12*h**4 + 0*h. Give t(i).
14
Let x(c) = 218*c**2 - 4 + 45*c - 33*c - 217*c**2. Determine x(-11).
-15
Let m(w) = -w**2 + w + 4. Suppose -3*l + 18 = 2*d, 3*d - 3*l = 8 + 49. Suppose d = -n - 4*n. Determine m(n).
-8
Let a be -1*(1 + -2)*-1. Let l be 1*(-2 + 1) - (-1 + -2). Let u(n) = -5*n**3 - 8*n**l - 5*n**3 - 1 + 6*n**2 - 2*n. Calculate u(a).
9
Let t(w) be the first derivative of w**4/4 - 2*w**3/3 - 4*w + 1. Suppose -y + 21 = 6*y. Suppose -r = -2*l - 7, -y*l + 9 = 4*r + r. Calculate t(r).
5
Let a(c) = 3 - 7*c**2 + c**3 + 5*c - c**2 + 1. Let z be ((-7)/(-21))/(1/(-12)). Let f be 12 + (z + -3 - -2). Determine a(f).
-10
Let s(g) = -g + 7. Let i(m) = -25*m + 4. Let o(j) = 51*j - 9. Let d(n) = 7*i(n) + 3*o(n). Let b be d(-1). Let u = b + -17. Determine s(u).
1
Let t = -5 + 11. Suppose 0 = -f - f - 3*l + 15, 3*f = l + t. Suppose 0 = -2*v - 1 + f. Let x(q) = 4*q + 1. Give x(v).
5
Let g(x) = x**2 - 6*x + 5. Let z(b) = -1. Let d(s) = g(s) + z(s). Let p(o) = -o - 1. Let f be p(-4). Suppose -w - 6 = -4*u + 12, 3*u = f*w + 9. Determine d(u).
-1
Suppose -20 = t - 5*t. Suppose -32 + 7 = t*b. Let o(n) = -n**2 + 3*n + 1. Let s(k) = 5*k**2 - 9*k - 4. Let r(u) = 4*o(u) + s(u). Determine r(b).
10
Let h(q) = -3*q**3 + 18*q**2 - 9*q + 3. Let d(x) = x**3 - 4*x**2 + 1. Let i(l) = 2*d(l) + h(l). Give i(9).
5
Let n(u) be the third derivative of u**5/60 + u**4/3 + 7*u**3/6 - 2*u**2 - 44. What is n(-8)?
7
Let g(a) = -1 + 26 - 32 - 2*a. Give g(8).
-23
Suppose -2*g - 2*l - 10 = -0*g, 4*l + 2 = 2*g. Suppose 5*t - 32 = 3*n, -2*t - 2*n = -0*t. Let b(s) = 2 + s + 4*s - t*s. Determine b(g).
-1
Suppose 1 + 3 = o + 5*p, 0 = 5*o - 4*p - 20. Let a(r) = -r**2 - r. Let z(i) = 4*i**2 + 2*i - 1. Let j(v) = 3*a(v) + z(v). What is j(o)?
11
Suppose 4*y + 3*r = 40, 5*y + 5*r = 44 + 6. Let z(a) = -a**3 + 11*a**2 - 7*a + 5. Give z(y).
35
Let o(b) = -6*b**2 - 5*b. Let n(p) = -24*p**2 - 22*p. Let k(r) = 2*n